 = -7322 - -7313. Let w(k) = -k**3 - 9*k**2 - k - 17. Calculate w(q).
-8
Let m(g) be the third derivative of -29*g**8/20160 + g**7/5040 - 23*g**5/60 - g**4/12 + 3*g**2 + 3*g. Let x(z) be the third derivative of m(z). What is x(1)?
-28
Suppose -5*w - 14481 + 14551 = 0. Let v(z) = -3*z**3 + 43*z**2 - 14*z + 5. Determine v(w).
5
Let g(s) be the first derivative of -7*s**3/6 - 2*s**2 + 27*s - 47. Let a(u) be the first derivative of g(u). Give a(4).
-32
Let l(i) = -i**2 - 5*i - 2. Let h = -386 + 271. Let k(t) = -27*t - 3. Let w be k(4). Let p = h - w. Give l(p).
2
Let a(k) = 6*k**2 - 12*k - 5. Let r = 21242 - 21243. Calculate a(r).
13
Let h(b) = -59*b**3 - 6 + 58*b**3 - 2 + 2 + 3*b**2 + 3*b. Suppose -25 = 4*y - 5*w, -w + 5*w - 20 = 0. Suppose y*g = g - 4. Give h(g).
-10
Let b(t) = 2*t - 6. Let l be (-22 - (5 - 6 - 1))*-1. Suppose -9*x = -14*x + l. Calculate b(x).
2
Let w(g) = 6*g**2 + 19*g - 36. Let k(o) = o**2 + o - 1. Let s(f) = -5*k(f) + w(f). Determine s(-16).
1
Suppose -5*v = r - 5 - 14, 2*v = 6. Let h(i) = -13 + 3 + r - 2*i + 5. Calculate h(5).
-11
Let g(c) = c + 2. Let t(d) = 1. Let m(s) = -g(s) + 2*t(s). Let z be 7/98 - (-7 + 645/210). Give m(z).
-4
Suppose 3*k = 3*c - 75, -5*c + 68 = -k - 37. Let w(i) = i**3 - 19*i**2 - 17*i - 63. Determine w(c).
-3
Let s(o) = -31*o**2 + 25*o + 292. Let u(a) = 17*a**2 - 11*a - 146. Let b(l) = -6*s(l) - 11*u(l). What is b(-7)?
8
Let t(n) = -n**3 - n**2 + 1. Let c = -288 + 337. Suppose -12*z = c - 37. Give t(z).
1
Let s(i) = i**3 - 2*i**2 - i - 1. Let o(x) = 5*x**3 - 50*x**2 - 43*x - 1. Let d(f) = o(f) - 6*s(f). What is d(-37)?
5
Let l(o) = -12*o - 14. Suppose 834*f - 8 = 838*f. Give l(f).
10
Suppose -95*j + 1660 = -91*j + 162*j. Let w(d) = -d**3 + 11*d**2 - 13*d + 16. Determine w(j).
-14
Let r(t) = 7*t + 2*t + 2*t**2 - 8*t**2 - 15 + 7*t**2. Calculate r(-10).
-5
Suppose 340 - 315 = 5*m. Let r be 1 - (170/25 - 6)*m. Let v(x) = -x + 6. Calculate v(r).
9
Let p(y) = -1 - 4*y**2 + 3*y - 5*y**2 + 0*y + y**3 + 3*y**2. Let j(i) = 3*i + 49. Let f be j(-14). Let h be 5*(126/98 + (-2)/f). Give p(h).
-11
Let p(d) = 2*d**2 + 9*d + 3. Let l be (1146/9)/(4/(-18)). Let x = -579 - l. Calculate p(x).
21
Let p(l) = 4*l**2 - 1. Let j(x) = -3*x**2. Let u(s) = 3*j(s) + 2*p(s). Suppose 45*t = -3*b + 50*t - 36, t - 12 = -b. What is u(b)?
-11
Let p(h) = h**2 - 14*h - 10. Let f = 22 - 7. Let o be p(f). Let c(m) = -3 - 6*m**2 + 3*m**3 + 10*m**2 + 7*m - 4*m**3. Give c(o).
7
Let m be (-54)/(-9) - (-1 - -7) - -1. Let w(d) = -m + 4*d**3 - d**2 - 3*d**3 + 2*d - 5*d - 2*d - d**2. Give w(4).
11
Let i(f) = -f**2 - f - 15. Suppose 14*h - 9*h - 35 = 0. Suppose -h*u + 3 = -18. Suppose 4*y - 2*q - 8 = 0, 4*y + 16 = -q - u*q. What is i(y)?
-15
Let t(z) = 2*z**2 - 25*z - 5. Let d = 3388 - 3375. Determine t(d).
8
Suppose 2*r = -3*r + 10. Suppose 3*p + 2 = -r*i, 2*i + 0*i + 4 = -2*p. Let t(v) = 12*v**2 + 3*v**2 - 16*v**p - 1. Give t(2).
-5
Let s(q) = q**3 + 25*q**2 + 25*q + 1. Let l = 3236 + -3260. Determine s(l).
-23
Let m(r) = -2*r**2 - 6*r - 1. Let g(o) = -6*o**2 - 17*o - 3. Let f(n) = 6*g(n) - 17*m(n). Let c(b) = 36*b + 214. Let l be c(-6). Determine f(l).
-9
Let p = -5 - -1. Let y(b) = -5*b**2 - 36*b - 2772. Let z(k) = k**2 + 7*k + 528. Let d(c) = -4*y(c) - 21*z(c). Give d(p).
-4
Let d(y) = -8*y + 6. Let x(q) = 6*q + 1. Let f(g) = 21*g + 12. Let z(k) = -f(k) + 5*x(k). Let t(v) = 4*d(v) + 3*z(v). What is t(-7)?
38
Suppose -9*v - 5*v = 0. Suppose v = -18*o + 7*o - 132. Let w(m) = -m - 14. Let b(r) = -r - 14. Let t(c) = -5*b(c) + 6*w(c). Give t(o).
-2
Let h(u) be the third derivative of -1/2*u**3 - 6*u**2 - 1/60*u**5 - 11/24*u**4 - 1 + 0*u. Determine h(-9).
15
Let z(f) = -f**2 + 4*f - 44. Suppose -9 = 139*u - 501 - 481. Calculate z(u).
-65
Let k(o) = -o**3 - 6*o**2 - 3*o - 3. Let z = 5069 - 5075. Determine k(z).
15
Let y(q) be the second derivative of -q**5/20 + 11*q**4/12 - 5*q**3/2 + 9*q**2 - 2*q + 1418. Calculate y(9).
45
Let f be 8/(-6)*(-9)/6. Let a(y) = 2 + 3*y + f - 3. Suppose 0 = -4*j + 2*b + 10 - 12, 3*b = 3*j. Determine a(j).
-2
Let o be 8/10*(-50)/4. Let p(v) be the third derivative of -1/24*v**4 - 531*v**2 - 2*v**3 + 0*v + 0. Give p(o).
-2
Let n(y) be the third derivative of y**6/120 - 2*y**5/15 - 2*y**3 + y**2 + 52*y. Calculate n(8).
-12
Let s be -8 + 9/(-3) + 4. Let l = 3 + s. Let v(x) = 3*x**3 + 4*x**2 - 2*x. Let u(a) = 13*a**3 + 16*a**2 - 8*a - 1. Let w(g) = -2*u(g) + 9*v(g). Determine w(l).
10
Let r(f) = f**3 - 5*f**2 + 11*f - 29. Let x(i) = -4*i**3 + 12*i**2 + 3*i - 5. Let g be x(3). What is r(g)?
-1
Let s(i) = 340*i - 85. Let w(y) = 20*y - 5. Let g(x) = 2*s(x) - 35*w(x). Let b(u) = -5*u + 1. Let a(t) = 9*b(t) - 2*g(t). Calculate a(-2).
9
Let f(o) be the third derivative of -o**7/840 - o**6/45 - o**5/30 - o**4/6 + 88*o**3/3 - o**2 - 26. Let a(r) be the first derivative of f(r). Calculate a(-7).
-25
Let v(u) be the first derivative of u**7/840 - u**6/90 + u**5/60 - u**4/24 + u**3/3 - 51*u - 22. Let i(t) be the third derivative of v(t). Determine i(3).
-4
Let w(d) = -d + 25. Let p(o) = 9*o - 75. Let c(j) = 2*j. Let t(v) = 3*c(v) - p(v). Let s(i) = -4*t(i) + 11*w(i). Calculate s(11).
-14
Suppose -3*c = -m - 7, 5*m - 4*c - 16 = 10*m. Let i(h) = -h**3. Let t(n) = 3*n**3 - 5*n**2 - 4*n. Let a(p) = 4*i(p) + t(p). Give a(m).
0
Suppose -3*m + 105 = -17*y + 14*y, 3*y - 12 = 0. Suppose -9*t = 33 + m. Let d(x) = x**3 + 7*x**2 - 10*x + 3. What is d(t)?
19
Let f(a) = a**2 + 3*a + 4. Let z(h) = -3*h + 0*h - 26 + 34 - h**3 + 4*h**2. Let g be z(4). Give f(g).
8
Let u = 0 - -2. Suppose -14*q - 6*q = -220. Let i(c) = 10*c**2 - u*c**3 + 2*c**2 + q - 11*c + c**3 - c. Calculate i(11).
0
Let b = -95 + 115. Let l(y) = 22 - 3*y + b + 2*y - 64 + 20. What is l(-2)?
0
Let f = 276 + -211. Suppose -12*m + 53 = f. Let i(b) = 16*b**2 + 2*b + 1. Determine i(m).
15
Let g(i) = i + 365993 + 0*i - 366010. Let q be (4/(-18) + 6/27)/1. Give g(q).
-17
Let q(l) = 2*l + 3*l + 6 + 4*l + 2*l - 10*l. Let n(w) = w. Let r(z) = n(z) + q(z). Give r(-2).
2
Let g(y) = y**2 + 4*y - 10. Suppose -477 + 847 = -74*l. Determine g(l).
-5
Let t(b) = b**3 + 4*b**2. Let l(c) = -5*c**3 - 20*c**2 - 5*c - 31. Let j(r) = -l(r) - 6*t(r). Determine j(-4).
11
Let c(h) be the second derivative of -h**6/720 - h**5/30 - h**4/12 + h. Let x(i) be the third derivative of c(i). Suppose -42*t - 5 - 106 = 57. Calculate x(t).
0
Let u(d) = -568*d + 23. Let j(f) = 148*f - 6. Let q(v) = -23*j(v) - 6*u(v). Let x(a) = -4*a. Let h be x(-1). Suppose -13 = -3*b - h. What is q(b)?
12
Let p(l) = l**3 - 1 + 7 - 638*l**2 + 3 - 7*l + 636*l**2. Determine p(3).
-3
Let f(k) be the third derivative of k**6/120 - 7*k**5/60 + 3*k**4/8 - k**3/2 + 3713*k**2. What is f(4)?
-15
Let q(s) be the third derivative of 0 - 1/360*s**6 + 1/15*s**5 + 8*s**2 - 1/2*s**3 - 7/24*s**4 + 0*s. Let m(w) be the first derivative of q(w). Calculate m(6).
5
Suppose -2173*a - 15 = -2149*a + 33. Let z(m) = -33*m + 5. What is z(a)?
71
Let b(g) = -21*g - 10. Let l(o) = 300*o + 896. Let r be l(-3). Calculate b(r).
74
Let l = -7056 + 7026. Let o(w) = 2*w**2 + 60*w - 19. Give o(l).
-19
Let m be (-405)/81*8/(-5). Let z(y) = -2*y + 29. What is z(m)?
13
Let m(w) = -w**2 + 12*w - 33. Let d be 12/62*(-6231)/(-402). Determine m(d).
-6
Let s(d) = 18 - 3*d**2 - d - 18. Suppose 3*l - 26 = -23. Determine s(l).
-4
Let f be (6/15 - (8 + -6))/(2/(-5)). Let t(v) = -v**2 + 9*v + 5. Calculate t(f).
25
Let l(a) = -a**3 - 2*a**2 + 2*a - 1. Let n(t) = -13*t + 81. Let x be n(5). Suppose -32*r = -24*r + x. Calculate l(r).
-5
Let y(x) = -8*x - x**2 - 5*x + 7 - 15 + 2*x**2 + 5*x. Calculate y(6).
-20
Suppose 4*w = -2*y, -865*w + 869*w = 5*y + 28. Let b(t) be the first derivative of 9*t - 13 - 11/2*t**w - 1/4*t**4 + 11/3*t**3. Give b(10).
-1
Suppose 4*k + 8 = -2*l - 10, 2*k + 12 = -2*l. Let o(b) = b**2 + 8*b - 1. Let x(u) = -9*u**2 - 59*u + 10. Let f(j) = -8*o(j) - x(j). What is f(k)?
22
Let b(h) = 102*h**2 + 16*h - 11. Let z(c) = -6*c + 1. Let t(o) = -b(o) - 4*z(o). Determine t(-1).
-103
Let z(x) = -51*x - 2 - 2 - x**2 + 7 + 1 + 52*x. Calculate z(-3).
-8
Let t(u) be the first derivative of -u**4/4 - 7*u**3/3 - 5*u**2/2 - 6*u - 333. Determine t(-5).
-31
Suppose 5*l + 5 = 0, 0 = -3*k - 2*k + l - 24. Let u(s) = 8*s - 4. What is u(k)?
-44
Let y(m) = 38 - 391*m - 489*m + 876*m. Wh